-10337 (base 11) in base 5?
-440134
Convert 2114333043 (base 5) to base 10.
4449148
Convert 13f37 (base 16) to base 8.
237467
-11020010101022 (base 3) to base 10
-2246327
1b98c (base 15) to base 14
24a9d
-241422135 (base 6) to base 10
-4559819
Convert 147525 (base 15) to base 12.
3b6b98
-5371716 (base 8) to base 4
-11133033032
What is 42440302 (base 6) in base 8?
4610256
8713244 (base 9) to base 5
2144030241
Convert -97d0c (base 14) to base 5.
-43230022
121103332 (base 4) to base 6
2115554
3d160 (base 14) to base 10
151200
What is -105041101 (base 6) in base 4?
-13110111331
What is 42064 (base 11) in base 5?
3430141
Convert -8a6538 (base 11) to base 14.
-298078
What is 57764 (base 8) in base 14?
8d48
Convert 11021220001 (base 3) to base 12.
40a84
-19136 (base 13) to base 10
-48548
What is 1113214054 (base 6) in base 7?
205440553
What is -1131231213 (base 4) in base 8?
-1355547
-100010111111100010011 (base 2) to base 8
-4277423
18a61 (base 11) to base 6
322554
Convert 111011100110101011100 (base 2) to base 7.
22413134
Convert -10477317 (base 9) to base 2.
-10011010101111001110110
21a99 (base 13) to base 12
2b467
Convert 1436107 (base 9) to base 7.
6505255
1197b (base 16) to base 14
1c391
Convert 361921 (base 13) to base 8.
4725436
What is -1010000001100001111000 (base 2) in base 10?
-2627704
What is -2112010220200 (base 3) in base 6?
-44425413
Convert 1002321331 (base 4) to base 14.
71c29
What is 3846687 (base 9) in base 12?
85208a
What is 73401 (base 12) in base 4?
210312001
Convert -3250017 (base 9) to base 7.
-20556112
What is c03da (base 15) in base 2?
10010100100001111100
What is 14302410 (base 5) in base 7?
1164232
-310502546 (base 7) to base 4
-1011130011002
What is -14084766 (base 9) in base 2?
-11010100100011000011100
-101001000101110001 (base 2) to base 9
-275775
a98a5 (base 12) to base 9
371468
Convert -44040321 (base 5) to base 13.
-102b31
What is -12202206 (base 7) in base 9?
-2045576
What is 13142210 (base 5) in base 3?
20122121021
2a7876 (base 15) to base 6
111541120
What is 17cc0 (base 16) in base 5?
11104342
Convert -41625 (base 7) to base 2.
-10100000010100
-101784 (base 12) to base 2
-111101011100010100
Convert 213233341 (base 6) to base 13.
a30453
Convert 10340403 (base 5) to base 9.
146534
-110010111101000001101 (base 2) to base 14
-316685
Convert 32320243 (base 5) to base 7.
2230415
What is 2239 (base 12) in base 9?
5170
What is 103200112 (base 4) in base 8?
234026
2442241331 (base 5) to base 16
58d41a
What is 22394 (base 12) in base 11?
31189
Convert 44e151 (base 15) to base 5.
1320200201
What is -63148 (base 9) in base 8?
-121316
What is -254703 (base 8) in base 7?
-516030
Convert 12331300 (base 4) to base 10.
28528
Convert 3971 (base 10) to base 5.
111341
Convert -11101010100001001111 (base 2) to base 10.
-960591
1725a62 (base 11) to base 8
13146505
Convert 5149766 (base 11) to base 5.
4311342233
-58595 (base 11) to base 14
-22b62
1a990 (base 13) to base 15
106ce
Convert -16488 (base 13) to base 10.
-42531
Convert -31a5ea (base 16) to base 7.
-36441055
What is 21c5d (base 14) in base 6?
1431403
What is -17566758 (base 9) in base 13?
-1aa7b59
-1222429 (base 10) to base 14
-23b6c5
10430110 (base 5) to base 9
150831
Convert -111053520 (base 6) to base 15.
-29b903
What is -1e59b3 (base 15) in base 8?
-5530531
What is -12231110313 (base 4) in base 9?
-3270210
Convert -20300333 (base 4) to base 8.
-106077
Convert -22202110010 (base 3) to base 10.
-172371
Convert -120473 (base 9) to base 5.
-4310221
What is -687468 (base 13) in base 14?
-485031
Convert -53204 (base 13) to base 2.
-100100100011101010
-c8d20e (base 16) to base 9
-26678414
31234303 (base 5) to base 11
167405
Convert -2324183 (base 10) to base 6.
-121452035
What is 1120200223 (base 4) in base 2?
1011000100000101011
-81abb3 (base 12) to base 7
-23154336
Convert -2110132113 (base 5) to base 6.
-233515031
Convert -33104241 (base 6) to base 14.
-1ba361
Convert -43810 (base 13) to base 5.
-12402300
-1a8783 (base 12) to base 6
-14033043
2ca4a (base 14) to base 7
643623
What is 152151352 (base 6) in base 12?
1098558
Convert -1030326 (base 8) to base 4.
-1003003112
534e00 (base 16) to base 2
10100110100111000000000
What is 111202002122 (base 3) in base 14?
70838
What is 12022011101212 (base 3) in base 14?
534cd0
Convert -4123893 (base 12) to base 15.
-111bd0c
What is 16a3e (base 16) in base 4?
112220332
2012011220010 (base 3) to base 10
1164864
Convert -19a447 (base 12) to base 4.
-1232223313
What is -2b08444 (base 12) in base 6?
-510550524
Convert -11440002343 (base 5) to base 9.
-27518533
What is -b1930a (base 13) in base 9?
-7688454
-9878944 (base 10) to base 2
-100101101011110110100000
Convert 14228 (base 15) to base 9.
107562
What is -143876 (base 10) in base 2?
-100011001000000100
Convert -13514504 (base 6) to base 7.
-3630253
What is 10006456 (base 7) in base 3?
1112221211121
What is 113041 (base 6) in base 8?
23021
1021ca (base 13) to base 4
1123303112
Convert 1303202210 (base 4) to base 13.
137540
11110001001001111 (base 2) to base 7
1022655
134203013 (base 5) to base 8
2513565
What is -222694 (base 10) in base 3?
-102022110221
Convert -10033342 (base 5) to base 9.
-132343
202221202022 (base 3) to base 14
aa437
What is 11000110011110010100 (base 2) in base 13?
226046
Convert -4445817 (base 11) to base 14.
-106d4bb
2601375 (base 8) to base 3
1100122221012
-11011100000100000 (base 2) to base 5
-12101142
Convert 114a (base 11) to base 4.
113202
Convert 4612 (base 15) to base 8.
35023
-10000010011000110011 (base 2) to base 9
-1003537
-1158003 (base 9) to base 12
-2640b6
What is -2443442 (base 6) in base 5?
-13133133
Convert 101110101101011010 (base 2) to base 11.
12081a
2c608 (base 14) to base 3
12122012001
19982a (base 13) to base 8
2364437
What is 4741474 (base 8) in base 15?
1a8b44
What is -10102011001101 (base 3) in base 5?
-431020124
What is 91cd9 (base 15) in base 7?
3632442
11211222010 (base 3) to base 12
47303
What is -26050613 (base 7) in base 15?
-31ac5e
What is 141753 (base 9) in base 7?
510405
What is 100210210112 (base 3) in base 15?
3c2e2
What is -270167 (base 8) in base 14?
-26539
22511 (base 15) to base 3
12112201021
What is -114114433 (base 5) in base 4?
-2002301002
What is -c583 (base 15) in base 6?
-521140
What is 10252 (base 8) in base 5?
114031
1000100010110101111 (base 2) to base 10
279983
Convert 1791294 (base 12) to base 14.
91da6c
Convert -3023553 (base 6) to base 11.
-98833
Convert -341e (base 16) to base 4.
-3100132
40ea62 (base 15) to base 14
5a5068
What is -548053 (base 13) in base 4?
-13211130001
What is 120013341 (base 5) in base 6?
15424523
-116451256 (base 7) to base 9
-14778141
What is -1003232210 (base 4) in base 15?
-572e2
What is -15459701 (base 10) in base 16?
-ebe575
What is 21451c (base 16) in base 5?
1024233010
-416147 (base 13) to base 5
-342332033
What is 1044111 (base 5) in base 4?
10203200
What is -100101010010100001101 (base 2) in base 8?
-4522415
What is 4153415 (base 6) in base 2?
110001001111010011
Convert 1b0f8 (base 16) to base 9.
178035
-163073 (base 9) to base 16
-1893c
Convert 111111110112 (base 3) to base 8.
1006736
What is -313344030 (base 5) in base 9?
-2414868
Convert -10111011100011001 (base 2) to base 14.
-26dcd
a13ccc (base 13) to base 6
212214222
Convert 201540 (base 9) to base 4.
131013210
-20215112 (base 6) to base 2
-10001101000100110100
Convert -13d1c (base 16) to base 10.
-81180
201312133 (base 4) to base 10
138655
Convert 4131318 (base 10) to base 13.
b18589
104669 (base 12) to base 13
8cab4
Convert -100711 (base 11) to base 4.
-213201312
What is -20031113313 (base 4) in base 10?
-2151927
What is -13544c (base 13) in base 2?
-1110010011011011101
Convert -440866 (base 13) to base 9.
-3008854
Convert 22331332013 (base 4) to base 5.
1214002041
-1342332224 (base 5) to base 14
-66849c
-621a4a (base 15) to base 11
-26a5589
-2001002200120 (base 3) to base 10
-1084524
What is 9123089 (base 10) in base 12?
307b695
-600b4a (base 13) to base 5
-1032322204
What is 21230c (base 13) in base 2?
10111101011101111100
What is -bb963 (base 12) in base 13?
-89136
What is -343122 (base 5) in base 2?
-10111111111111
Convert 12114131 (base 5) to base 8.
336002
111a61 (base 12) to base 7
2214235
-14255303 (base 6) to b